22231
List the prime factors of 2936505195.
3, 5, 13, 19, 349, 757
List the prime factors of 68544191.
19, 3607589
What are the prime factors of 973938268?
2, 83, 2933549
What are the prime factors of 3831787934?
2, 13, 5869, 25111
List the prime factors of 699234718.
2, 7, 13, 17, 29, 7793
List the prime factors of 40612318.
2, 67, 199, 1523
What are the prime factors of 723030572?
2, 11, 41, 109, 3677
List the prime factors of 33899317.
33899317
What are the prime factors of 143993707?
11, 13, 1006949
List the prime factors of 3231152974.
2, 7, 17, 13576273
What are the prime factors of 3637953083?
41, 88730563
List the prime factors of 163458501.
3, 19, 101, 28393
What are the prime factors of 95270909?
619, 153911
List the prime factors of 2042490359.
7, 13, 383, 58603
List the prime factors of 54753292.
2, 11, 1244393
What are the prime factors of 1017336757?
2969, 342653
List the prime factors of 84455229.
3, 223, 126241
What are the prime factors of 265836734?
2, 132918367
List the prime factors of 938419255.
5, 1213, 154727
What are the prime factors of 58432057?
191, 305927
List the prime factors of 3327917277.
3, 1109305759
What are the prime factors of 118722491?
29, 53, 77243
List the prime factors of 39942086.
2, 199, 100357
What are the prime factors of 1329493715?
5, 11, 1009, 23957
List the prime factors of 58641717.
3, 19547239
List the prime factors of 244581979.
43, 157, 36229
What are the prime factors of 894826063?
23, 277, 140453
What are the prime factors of 16673569?
11, 37, 71, 577
List the prime factors of 78779785.
5, 7, 17, 132403
List the prime factors of 6100450.
2, 5, 17, 7177
What are the prime factors of 150984401?
150984401
List the prime factors of 81961675.
5, 17, 31, 6221
What are the prime factors of 67453040?
2, 5, 19, 199, 223
List the prime factors of 19352546.
2, 9676273
What are the prime factors of 1884334450?
2, 5, 29, 1299541
What are the prime factors of 31721248?
2, 13, 76253
List the prime factors of 30709641.
3, 10236547
What are the prime factors of 476397720?
2, 3, 5, 441109
List the prime factors of 843075528.
2, 3, 191, 183917
What are the prime factors of 107856465?
3, 5, 541, 13291
List the prime factors of 2058292200.
2, 3, 5, 3430487
List the prime factors of 14943021.
3, 821, 6067
What are the prime factors of 1242721612?
2, 11, 28243673
List the prime factors of 953041068.
2, 3, 7, 3781909
What are the prime factors of 13345261?
67, 409, 487
What are the prime factors of 31405482?
2, 3, 193861
What are the prime factors of 50777081?
89, 570529
What are the prime factors of 1112280757?
7, 158897251
What are the prime factors of 41422503?
3, 269, 51329
What are the prime factors of 222563203?
23, 71, 73, 1867
List the prime factors of 1914720934.
2, 7, 19, 7198199
List the prime factors of 1456804497.
3, 41, 293, 40423
What are the prime factors of 151083811?
17, 41, 43, 71
What are the prime factors of 32310496?
2, 53, 19051
List the prime factors of 119759422.
2, 7573, 7907
List the prime factors of 147872642.
2, 419, 176459
What are the prime factors of 48441344?
2, 7, 31, 109
List the prime factors of 2049508319.
277, 26711
What are the prime factors of 184075605?
3, 5, 7, 27827
List the prime factors of 99711857.
7, 14244551
List the prime factors of 170066195.
5, 13, 1579, 1657
What are the prime factors of 42754402?
2, 21377201
List the prime factors of 1454098046.
2, 41, 17732903
List the prime factors of 53856072.
2, 3, 499, 1499
What are the prime factors of 1739778510?
2, 3, 5, 19, 113, 27011
List the prime factors of 320221010.
2, 5, 17, 31, 60763
List the prime factors of 20118438.
2, 3, 163, 6857
What are the prime factors of 2310515838?
2, 3, 37, 257, 13499
What are the prime factors of 189905110?
2, 5, 2851, 6661
What are the prime factors of 2099731825?
5, 59, 1423547
List the prime factors of 218638997.
383, 570859
List the prime factors of 525831124.
2, 7, 13, 37, 39043
What are the prime factors of 68843660?
2, 5, 3442183
What are the prime factors of 35822290?
2, 5, 7, 37, 13831
What are the prime factors of 1425113489?
13417, 106217
What are the prime factors of 68503143?
3, 71, 321611
What are the prime factors of 30560782?
2, 7, 101, 21613
What are the prime factors of 166960097?
166960097
What are the prime factors of 527182409?
13, 47, 862819
What are the prime factors of 21998736?
2, 3, 50923
List the prime factors of 203545829.
203545829
What are the prime factors of 780365585?
5, 83, 193, 9743
What are the prime factors of 3623375146?
2, 37, 149, 328621
What are the prime factors of 831635104?
2, 17, 23, 66467
List the prime factors of 4518032532.
2, 3, 13, 43, 673529
What are the prime factors of 391678108?
2, 59, 1659653
List the prime factors of 87260117.
7, 1217, 10243
List the prime factors of 4435050094.
2, 2217525047
List the prime factors of 368327273.
12697, 29009
What are the prime factors of 323324144?
2, 11, 13, 251, 563
List the prime factors of 2013640540.
2, 5, 100682027
List the prime factors of 606817345.
5, 19, 113, 56527
What are the prime factors of 65940504?
2, 3, 7, 392503
What are the prime factors of 1645899602?
2, 822949801
List the prime factors of 102566095.
5, 73, 79, 3557
What are the prime factors of 212937500?
2, 5, 3407
What are the prime factors of 246108449?
419, 587371
What are the prime factors of 287157832?
2, 13, 1231, 2243
What are the prime factors of 86010461?
31, 89501
What are the prime factors of 1490653807?
109, 797, 17159
List the prime factors of 53027046.
2, 3, 17, 173291
What are the prime factors of 1312223434?
2, 2099, 312583
What are the prime factors of 2134164914?
2, 7, 21777193
List the prime factors of 753728328.
2, 3, 19, 29, 2111
What are the prime factors of 161497491?
3, 29, 1856293
What are the prime factors of 67464117?
3, 7, 19, 18787
What are the prime factors of 158793616?
2, 9924601
List the prime factors of 51282587.
31, 1117, 1481
What are the prime factors of 88797222?
2, 3, 17, 19, 1697
List the prime factors of 733623195.
3, 5, 48908213
List the prime factors of 46446736.
2, 7, 414703
List the prime factors of 900643531.
157, 389, 14747
What are the prime factors of 4086339915?
3, 5, 7, 38917523
List the prime factors of 22097019.
3, 7, 19, 55381
List the prime factors of 619793369.
13, 6373, 7481
List the prime factors of 43559660.
2, 5, 2177983
List the prime factors of 2288469667.
11, 208042697
List the prime factors of 44873553.
3, 43, 107, 3251
What are the prime factors of 9595446?
2, 3, 7, 17, 89, 151
List the prime factors of 144807354.
2, 3, 8044853
What are the prime factors of 63565063?
353, 180071
List the prime factors of 80371573.
80371573
List the prime factors of 20105463.
3, 7, 957403
List the prime factors of 279793813.
13, 21522601
What are the prime factors of 83782191?
3, 19, 1013, 1451
List the prime factors of 72488844.
2, 3, 24859
List the prime factors of 2401756070.
2, 5, 7, 59, 83077
List the prime factors of 3195576948.
2, 3, 5449, 48871
What are the prime factors of 39938978?
2, 19969489
What are the prime factors of 115006678?
2, 2777, 20707
List the prime factors of 40224537.
3, 29, 229, 673
List the prime factors of 26265306.
2, 3, 17, 257503
List the prime factors of 562125803.
269, 967, 2161
List the prime factors of 237273150.
2, 3, 5, 41, 941
What are the prime factors of 247967217?
3, 151, 60821
List the prime factors of 128162789.
311, 412099
List the prime factors of 17980671.
3, 5993557
What are the prime factors of 45748941?
3, 7, 19, 114659
List the prime factors of 878324172.
2, 3, 11, 19, 67, 5227
List the prime factors of 1972923570.
2, 3, 5, 21921373
List the prime factors of 950926429.
10069, 94441
List the prime factors of 53399091.
3, 17, 1047041
List the prime factors of 2151599400.
2, 3, 5, 23, 51971
List the prime factors of 4181386159.
251, 16658909
List the prime factors of 111077305.
5, 113, 196597
What are the prime factors of 650061851?
650061851
List the prime factors of 3605890.
2, 5, 360589
List the prime factors of 14763548.
2, 17, 217111
List the prime factors of 38589976.
2, 599, 8053
What are the prime factors of 499359443?
11, 47, 283, 3413
What are the prime factors of 311548646?
2, 271, 574813
List the prime factors o